 6*h + 2. Suppose 48 = 8*w - 824. What is the remainder when w is divided by n(5)?
21
Let z = -733 + 761. Calculate the remainder when 42 is divided by z.
14
Let a = -31 - -23. Let p(d) = -d**2 - 12*d - 13. Calculate the remainder when 53 is divided by p(a).
15
Let x be (-92)/(7 + -3) - -2. Let l be (-2)/6 + (-16450)/x. What is the remainder when 65 is divided by l/45 - (-4)/(-10)?
14
Let k(a) = -a**2 - 21*a - 90. What is the remainder when 1018 is divided by k(-8)?
10
Let w(z) = -z**2 + z. Let j(d) = -d**3 + 18*d**2 - 35*d + 1. Let r(f) = j(f) - 4*w(f). Calculate the remainder when 78 is divided by r(20).
15
Calculate the remainder when ((-18)/15)/(58/(-7395)) is divided by 51.
0
Suppose 0 = -11*q + 6*q - 585. Let v = -99 - q. What is the remainder when 89 is divided by v?
17
Let h = 1863 + -1837. What is the remainder when 165 is divided by h?
9
Suppose 4*y = -4*s + 212, -s - 53 = -y - 0*y. Calculate the remainder when y is divided by (-5)/15 + (111/9 - 1).
9
Let q(f) = -f**3 + 34*f**2 - 58*f - 187. Calculate the remainder when 150 is divided by q(32).
0
Let u = -9 + 72. Calculate the remainder when u is divided by 22.
19
Let i be (-6)/(4/(0 - 2)). Suppose -8*d = -3*d - 3*a - 135, d - i*a - 27 = 0. Let n = -259 - -337. Calculate the remainder when n is divided by d.
24
Let s = -2 - -80. Suppose 40*y + s = 42*y. What is the remainder when y is divided by 5?
4
Let n(o) = -2*o**3 - 45*o**2 - 25*o - 42. Let x(g) = -3*g - 2. Calculate the remainder when n(-22) is divided by x(-5).
11
Let i(v) = v**3 + 6*v**2 + v - 4. Let g(h) = h**2 - 6*h + 4. Suppose 19*d + 54 = 25*d. Calculate the remainder when g(d) is divided by i(-5).
15
Let t = 35 + -25. What is the remainder when 33 is divided by ((-108)/(-30))/(2/t)?
15
Let d = -46 + 49. Calculate the remainder when -604*(3 - 12/d)/4 is divided by 38.
37
What is the remainder when 75 is divided by -7*(32/(-288) + (-454)/126)?
23
Let k = 1 - -12. Let d be (-24)/(-20) - 2/10. Calculate the remainder when 2 + -4 + 24 + d is divided by k.
10
Let o(x) be the second derivative of x**4/12 + 2*x**3/3 + 3*x**2 - 2*x. Let i = 412 + -401. What is the remainder when i is divided by o(-4)?
5
Let t(l) = -l**2 - 26*l + 244. Calculate the remainder when 133 is divided by t(7).
3
Let x = -10 + 48. What is the remainder when 302 is divided by x?
36
Let l = 404 + -367. Calculate the remainder when l is divided by 6.
1
Calculate the remainder when (-1228)/(-12) - (-5)/(-15) is divided by 53.
49
Suppose -2*h + 7*h = 3*m + 256, -5*m + 190 = 4*h. What is the remainder when h is divided by (-8)/14 + (-2046)/(-77)?
24
Suppose 4 = 5*h - 1. Suppose 0 = -5*r + 201 - h. What is the remainder when r is divided by 14?
12
Let t = 33 - -9. What is the remainder when t is divided by (-36)/(-306) + (-778)/(-34)?
19
Suppose 0 = 8*q - 16 - 184. Calculate the remainder when 38 is divided by q.
13
Let s(r) = 8*r**2 - 25*r - 9. What is the remainder when s(-7) is divided by 33?
30
Let n be (-411)/(-9) - 1/(-3). Let y = -26 + n. Suppose 29*b = 7*b + 154. Calculate the remainder when y is divided by b.
6
Let s = 24 - 21. Suppose 0 = 4*a + 2*k - 110, 14 = 4*a - s*a - 4*k. Calculate the remainder when a is divided by 15.
11
Suppose g - 2*l + 5 - 4 = 0, 0 = -2*g + l + 13. Let n = g - 0. What is the remainder when n is divided by 7?
2
Let t = -58 - -62. Suppose -s - 5*r = -t*r - 74, 5*s + 2*r - 382 = 0. Let x(q) = -27*q. What is the remainder when s is divided by x(-1)?
24
Let y = 40 + -23. Calculate the remainder when (6 + -5)/(2/28) is divided by (-1 + y/1)/2.
6
Let q be (-4 - 2)*3/(-6). Suppose 23 = -4*y + 3*j, j + q*j = -12. Let b(o) = o**3 + 8*o**2 - 3*o - 7. What is the remainder when b(y) is divided by 9?
8
Let s = 470 + -451. Calculate the remainder when s is divided by (-4)/(-1 + 3) - -12.
9
Suppose 4*f + 2*c - 151 = 3*c, 3*f - 2*c - 117 = 0. Let d = f + 8. Calculate the remainder when d is divided by 153/13 - 18/(-78).
9
Let g(v) be the third derivative of -1/12*v**4 + 0 - 4*v**2 + v**3 + 0*v. What is the remainder when 39 is divided by g(-7)?
19
Let g(t) = 3*t + 4. Let j = -23 + 0. Let f = j - -30. Calculate the remainder when g(3) is divided by f.
6
Let g be (4/(-6))/((-2)/219). Suppose 4*u - g = 155. Calculate the remainder when u is divided by 10.
7
Suppose 2*n = i - 21, -2*n - 3*n = -i + 12. What is the remainder when 50 is divided by i?
23
Let g = -194 - -73. Let l = g + 143. Calculate the remainder when 197 is divided by l.
21
Let r(d) = d**2 + 11*d + 12. Let j be r(-10). Suppose -7*z + 924 = 238. Calculate the remainder when z is divided by (-146)/(-6) + j/3.
23
Let d = -1685 + 1700. Calculate the remainder when 161 is divided by d.
11
Suppose 0 = 2*y - l - 3, -4*l = -y + 5*y - 12. Let q be (-48)/(-4) - 0/y. Suppose -q = -2*m - 2*m. What is the remainder when 9 is divided by m?
0
Let t = 676 + -642. Calculate the remainder when t is divided by 4.
2
Let a = 30 - 21. Suppose -1846 = -44*y - 394. What is the remainder when y is divided by a?
6
Let a(s) = 4*s**2 - 2*s - 1. Let q be ((-3)/9)/((-1)/219). Suppose -6*g - q = -7*g. What is the remainder when g is divided by a(-2)?
16
Let c = -40 - -43. Suppose -c*b + 301 = 4*i, 0*i - 5*i = 5*b - 510. Calculate the remainder when b is divided by (-1610)/(-45) + (-2)/(-9).
35
Let n = 6 - 0. Let y = 245 + -240. Suppose 2*t - y*w + w - n = 0, 4*w - 4 = 0. Calculate the remainder when 7 is divided by t.
2
Let j = -116 + 139. What is the remainder when 183 is divided by j?
22
What is the remainder when 426 is divided by -16 - -20 - 58/(-2*1)?
30
Suppose 5*y + 47 = 3*d - 3, -y - 76 = -5*d. Calculate the remainder when 58 is divided by d.
13
Let s(o) = -9*o - 307. Calculate the remainder when 62 is divided by s(-35).
6
Suppose -2*u = -77 + 21. What is the remainder when (399/u)/(9/24) is divided by (-4 - -1)/((-3)/10)?
8
Let s = 91 + -29. Suppose 0 = 6*v - v - 65. Calculate the remainder when s is divided by v.
10
Suppose -4*v + 1944 = -z, 2*v - 1243 = -4*z - 271. Suppose 10*r = 13*r - v. Calculate the remainder when r is divided by 41.
39
Let a = -1325 + 1363. What is the remainder when 1138 is divided by a?
36
Let s(v) = v + 7. Let p be s(-5). Suppose 244 = 4*j - p*q, -3*j - q + 184 = -2*q. Calculate the remainder when j is divided by 7.
6
Suppose -51*b + 64*b = 923. What is the remainder when b is divided by 12?
11
What is the remainder when -3 - -4*1/4*225 is divided by 113?
109
Let r(d) = d**2 + 7*d - 38. Calculate the remainder when 51 is divided by r(-11).
3
Let a be (30/25)/((-1)/30). Let d = -2 - a. Let p(c) = -c**3 + 5*c**2 + 2*c - 1. What is the remainder when d is divided by p(5)?
7
Let r be (8/16)/(2/8). Let g(y) be the second derivative of y**5/5 + y**4/12 - y**3/2 + 3*y**2/2 - 5*y. Calculate the remainder when g(r) is divided by 9.
6
Let n = 10 + -3. Suppose -247 = 128*l - 147*l. What is the remainder when l is divided by n?
6
Let v(b) = b**3 + 5*b**2 - 4*b - 6. Let p = 44 + -49. What is the remainder when 52 is divided by v(p)?
10
Let l = 10 + 13. Let u(c) = -1 - 4 - 4*c + 2. Calculate the remainder when l is divided by u(-4).
10
Suppose 4*k - 4*f = 45 + 115, 0 = -5*k - 4*f + 227. What is the remainder when k is divided by 32?
11
Let c(j) = j**2 + 7*j - 16. Let t be c(-9). Suppose 3*k - t*h - 48 = h, -k = h - 8. What is the remainder when 33 is divided by k?
9
Let h(r) = 8 - 4*r + 6 + 2*r - r. What is the remainder when h(-6) is divided by 11?
10
Let f = 157 + -155. Calculate the remainder when 60 is divided by f.
0
Calculate the remainder when 181 is divided by (-6)/(-10) + (-11425)/(-125).
89
Suppose -5*j + 48 = -67. What is the remainder when 45 is divided by j?
22
Let v be (2/(5 + 1))/(1/(-6)). What is the remainder when (2 - 7*-11) + 2 is divided by (-28)/v*(-33)/(-22)?
18
Suppose 0*i - 847 = -11*i. Suppose -7*w + 100 = -2*w. What is the remainder when i is divided by w?
17
Suppose -4*k + 112 = 4*g, 0 = g - 8*k + 3*k - 28. Suppose -3*y - h = -248, -h = y + h - 91. Calculate the remainder when y is divided by g.
25
Let q = -8 + -139. Let i = q + 159. Suppose -94 = -5*r + 196. What is the remainder when r is divided by i?
10
Suppose 0 = -20*s + 16*s + 20. What is the remainder when 133 is divided by (-4)/(-10) + 168/s?
31
Suppose -19 - 269 = -18*u. What is the remainder when 